1411141
What are the prime factors of 25493?
13, 37, 53
What are the prime factors of 1322614?
2, 73, 9059
What are the prime factors of 19781049?
3, 461, 14303
What are the prime factors of 66218?
2, 113, 293
List the prime factors of 5922579.
3, 13, 17, 8933
What are the prime factors of 8156418?
2, 3, 353, 3851
What are the prime factors of 52158?
2, 3, 8693
List the prime factors of 3075092.
2, 768773
What are the prime factors of 4827030?
2, 3, 5, 13, 12377
List the prime factors of 14838636.
2, 3, 1236553
List the prime factors of 103198.
2, 51599
What are the prime factors of 517055?
5, 7, 11, 17, 79
List the prime factors of 977394.
2, 3, 11, 59, 251
List the prime factors of 34087.
89, 383
List the prime factors of 5710596.
2, 3, 89, 5347
List the prime factors of 269210.
2, 5, 26921
What are the prime factors of 514816?
2, 2011
What are the prime factors of 766848?
2, 3, 1997
List the prime factors of 14680397.
263, 55819
What are the prime factors of 226328?
2, 19, 1489
List the prime factors of 97778.
2, 48889
List the prime factors of 775829.
17, 47, 971
What are the prime factors of 4955100?
2, 3, 5, 83, 199
List the prime factors of 488245.
5, 97649
What are the prime factors of 492036?
2, 3, 131, 313
List the prime factors of 22649444.
2, 19, 53, 5623
What are the prime factors of 224186?
2, 197, 569
What are the prime factors of 26705833?
7, 11, 49547
What are the prime factors of 5654409?
3, 1884803
What are the prime factors of 94938?
2, 3, 15823
What are the prime factors of 896667?
3, 19, 15731
List the prime factors of 3028299.
3, 1009433
What are the prime factors of 5491782?
2, 3, 17, 131, 137
List the prime factors of 250196.
2, 62549
List the prime factors of 547984.
2, 29, 1181
What are the prime factors of 1334445?
3, 5, 7, 71, 179
What are the prime factors of 1644060?
2, 3, 5, 11, 47, 53
List the prime factors of 576821.
7, 19, 4337
List the prime factors of 10319996.
2, 2579999
List the prime factors of 698467.
7, 11, 47, 193
What are the prime factors of 483820?
2, 5, 17, 1423
What are the prime factors of 16663464?
2, 3, 199, 1163
List the prime factors of 70918.
2, 59, 601
What are the prime factors of 517676?
2, 129419
List the prime factors of 98097.
3, 19, 1721
What are the prime factors of 266776?
2, 33347
List the prime factors of 8905230.
2, 3, 5, 98947
What are the prime factors of 818282?
2, 79, 5179
What are the prime factors of 585787?
23, 25469
What are the prime factors of 749678?
2, 374839
What are the prime factors of 6114820?
2, 5, 305741
List the prime factors of 1612114.
2, 7, 115151
List the prime factors of 515915.
5, 103183
What are the prime factors of 112562?
2, 23, 2447
What are the prime factors of 10776894?
2, 3, 97, 18517
What are the prime factors of 15872990?
2, 5, 7, 23, 9859
What are the prime factors of 9673070?
2, 5, 11, 47, 1871
List the prime factors of 864435.
3, 5, 11, 13, 31
List the prime factors of 3209552.
2, 200597
List the prime factors of 121143.
3, 11, 3671
What are the prime factors of 1330236?
2, 3, 109, 113
What are the prime factors of 34374392?
2, 13, 107, 3089
List the prime factors of 6658727.
331, 20117
List the prime factors of 1215681.
3, 405227
What are the prime factors of 5534875?
5, 44279
What are the prime factors of 357542?
2, 19, 97
What are the prime factors of 289537?
139, 2083
What are the prime factors of 55576?
2, 6947
List the prime factors of 8279433.
3, 919937
List the prime factors of 104480.
2, 5, 653
What are the prime factors of 1277245?
5, 467, 547
What are the prime factors of 54636?
2, 3, 29, 157
What are the prime factors of 1591787?
1591787
What are the prime factors of 1454583?
3, 13, 19, 151
What are the prime factors of 3756937?
3756937
What are the prime factors of 1400869?
1097, 1277
What are the prime factors of 1634301?
3, 41, 43, 103
What are the prime factors of 8958454?
2, 23, 194749
List the prime factors of 2863629.
3, 318181
What are the prime factors of 3909298?
2, 1954649
What are the prime factors of 181163?
29, 6247
List the prime factors of 17286578.
2, 461, 18749
What are the prime factors of 87347?
13, 6719
What are the prime factors of 6409547?
37, 211, 821
What are the prime factors of 3070946?
2, 1535473
List the prime factors of 364763.
7, 107, 487
List the prime factors of 28272907.
13, 1193, 1823
What are the prime factors of 179481?
3, 29, 2063
What are the prime factors of 25341778?
2, 7, 11, 79, 2083
What are the prime factors of 2128738?
2, 307, 3467
What are the prime factors of 91621?
91621
What are the prime factors of 5043694?
2, 2521847
List the prime factors of 15612198.
2, 3, 7, 371719
What are the prime factors of 6603251?
2153, 3067
List the prime factors of 5720320.
2, 5, 41, 109
List the prime factors of 5176215.
3, 5, 11, 10457
What are the prime factors of 2906923?
607, 4789
What are the prime factors of 734170?
2, 5, 73417
List the prime factors of 458392.
2, 11, 5209
List the prime factors of 475098.
2, 3, 13, 6091
List the prime factors of 1756656.
2, 3, 11, 1109
What are the prime factors of 1175818?
2, 7, 83987
List the prime factors of 310904.
2, 11, 3533
List the prime factors of 806035.
5, 23, 43, 163
What are the prime factors of 522654?
2, 3, 11, 7919
List the prime factors of 2038625.
5, 47, 347
List the prime factors of 500282.
2, 41, 6101
List the prime factors of 230612.
2, 57653
List the prime factors of 13104372.
2, 3, 59, 83, 223
List the prime factors of 1819414.
2, 101, 9007
List the prime factors of 20845356.
2, 3, 7, 19, 37, 353
What are the prime factors of 14937474?
2, 3, 31, 80309
List the prime factors of 696959.
41, 89, 191
What are the prime factors of 4603569?
3, 71, 21613
What are the prime factors of 4960169?
4960169
What are the prime factors of 105171?
3, 11, 3187
What are the prime factors of 1364029?
17, 19, 41, 103
List the prime factors of 1345039.
113, 11903
List the prime factors of 343820.
2, 5, 17191
What are the prime factors of 1380838?
2, 690419
What are the prime factors of 1028958?
2, 3, 7, 24499
What are the prime factors of 8847060?
2, 3, 5, 147451
What are the prime factors of 10366551?
3, 13, 251, 353
What are the prime factors of 371459?
11, 33769
List the prime factors of 3470581.
3470581
What are the prime factors of 18666817?
13, 1435909
What are the prime factors of 2601978?
2, 3, 433663
List the prime factors of 102562.
2, 19, 2699
List the prime factors of 66675.
3, 5, 7, 127
List the prime factors of 706446.
2, 3, 13, 3019
List the prime factors of 708300.
2, 3, 5, 787
List the prime factors of 30524.
2, 13, 587
What are the prime factors of 649618?
2, 324809
List the prime factors of 1825283.
59, 30937
List the prime factors of 20973686.
2, 10486843
What are the prime factors of 7986496?
2, 7, 17827
List the prime factors of 20937576.
2, 3, 11, 79309
What are the prime factors of 2485077?
3, 7, 17, 6961
What are the prime factors of 1347973?
11, 31, 59, 67
List the prime factors of 5691506.
2, 461, 6173
What are the prime factors of 5445827?
67, 81281
List the prime factors of 67021.
67021
List the prime factors of 17949824.
2, 17, 73, 113
What are the prime factors of 2486107?
13, 31, 199
What are the prime factors of 4502382?
2, 3, 17, 37, 1193
What are the prime factors of 9479027?
29, 326863
List the prime factors of 502453.
7, 179, 401
What are the prime factors of 47838?
2, 3, 7, 17, 67
List the prime factors of 2096749.
23, 91163
What are the prime factors of 15477188?
2, 3869297
What are the prime factors of 115876?
2, 59, 491
What are the prime factors of 237924?
2, 3, 2203
What are the prime factors of 320945?
5, 64189
What are the prime factors of 3028405?
5, 73, 8297
List the prime factors of 15423088.
2, 963943
What are the prime factors of 15401660?
2, 5, 17, 97, 467
What are the prime factors of 13895610?
2, 3, 5, 113, 4099
List the prime factors of 216786.
2, 3, 36131
List the prime factors of 19715324.
2, 23, 214297
List the prime factors of 574075.
5, 22963
List the prime factors of 157221.
3, 647
List the prime factors of 17300317.
19, 523, 1741
List the prime factors of 21284385.
3, 5, 1418959
List the prime factors of 422468.
2, 31, 3407
List the prime factors of 2159452.
2, 539863
What are the prime factors 